{"id":2,"date":"2020-02-05T16:11:48","date_gmt":"2020-02-05T15:11:48","guid":{"rendered":"https:\/\/www.kippdata.de\/?page_id=2"},"modified":"2022-09-01T12:36:14","modified_gmt":"2022-09-01T10:36:14","slug":"beispiel-seite","status":"publish","type":"page","link":"https:\/\/www.kippdata.de\/","title":{"rendered":"Landing-Page"},"content":{"rendered":"<p>[et_pb_section fb_built=&#8220;1&#8243; fullwidth=&#8220;on&#8220; admin_label=&#8220;Header mit Hintergrund&#8220; _builder_version=&#8220;4.16&#8243; global_colors_info=&#8220;{}&#8220;][et_pb_fullwidth_header title=&#8220;Knowledge and Passion&#8220; subhead=&#8220;Unsere Erfahrung f\u00fcr Sie&#8220; _builder_version=&#8220;4.16&#8243; background_image=&#8220;https:\/\/www.kippdata.de\/wp-content\/uploads\/2020\/04\/homebanner_1920x700-1.jpg&#8220; background_layout=&#8220;light&#8220; global_colors_info=&#8220;{}&#8220;][\/et_pb_fullwidth_header][\/et_pb_section][et_pb_section fb_built=&#8220;1&#8243; admin_label=&#8220;Intro&#8220; _builder_version=&#8220;4.16&#8243; custom_margin=&#8220;||||false|false&#8220; global_colors_info=&#8220;{}&#8220;][et_pb_row _builder_version=&#8220;4.16&#8243; global_colors_info=&#8220;{}&#8220;][et_pb_column type=&#8220;4_4&#8243; _builder_version=&#8220;4.16&#8243; global_colors_info=&#8220;{}&#8220;][et_pb_text admin_label=&#8220;kippdata \u2013 Teasertext&#8220; _builder_version=&#8220;4.18.0&#8243; custom_margin=&#8220;-3em||||false|false&#8220; custom_padding=&#8220;||||false|false&#8220; hover_enabled=&#8220;0&#8243; global_colors_info=&#8220;{}&#8220; sticky_enabled=&#8220;0&#8243;]<\/p>\n<h3>Dinge gut machen. Gute Dinge machen.<\/h3>\n<p>Das ist unsere Passion seit 1998. In einem erfahrenen Team von Menschen, die ihr Wissen gerne mit einander teilen. Zum Wohle unserer Kunden. Wir entwickeln anspruchsvolle Software-L\u00f6sungen, sorgen f\u00fcr reibungslosen Betrieb von Webanwendungen im Hochlast-Bereich und integrieren moderne Suchstrategien f\u00fcr Ihre Informationen.<\/p>\n<p>Unsere Kunden kommen aus dem \u00f6ffentlichen Bereich ebenso wie aus dem privatwirtschaftlichen Umfeld. Mittelst\u00e4ndische Unternehmen, Konzerne, Forschungseinrichtungen vertrauen auf uns seit Jahren.<\/p>\n<p>Wir k\u00f6nnen zuh\u00f6ren und bringen unser technisches Wissen gepaart mit hoher Innovationskraft in unsere Kundenbeziehungen ein. Und wir engagieren uns mit einem Projektmitglied in der Apache Software Foundation schon immer f\u00fcr Open Source Software.<\/p>\n<p>[\/et_pb_text][\/et_pb_column][\/et_pb_row][et_pb_row _builder_version=&#8220;4.16&#8243; global_colors_info=&#8220;{}&#8220;][et_pb_column type=&#8220;4_4&#8243; _builder_version=&#8220;4.16&#8243; global_colors_info=&#8220;{}&#8220;][et_pb_text admin_label=&#8220;placeit&#8220; _builder_version=&#8220;4.16&#8243; link_text_color=&#8220;#7cda24&#8243; global_colors_info=&#8220;{}&#8220;]<\/p>\n<p style=\"text-align: center;\"><a target=\"_blank\" href=\"https:\/\/www.placeit.de\" rel=\"noopener noreferrer\"><img decoding=\"async\" src=\"\/wp-content\/uploads\/2020\/11\/placeit_logo.png\" \/><\/a><\/p>\n<p style=\"text-align: left;\">Sie kommen zu uns, weil Sie placeit suchen, unsere innovative L\u00f6sung zur Planung, Organisation und Durchf\u00fchrung von Veranstaltungen \u2013 perfekt auch zur Umsetzung von Live-Monitoring und Kontaktnachverfolgung bei In- und Outdoor-Events.<\/p>\n<p>[\/et_pb_text][et_pb_text admin_label=&#8220;placeit Link&#8220; _builder_version=&#8220;4.16&#8243; text_font=&#8220;||||||||&#8220; text_font_size=&#8220;18px&#8220; link_text_color=&#8220;#6ebc7c&#8220; global_colors_info=&#8220;{}&#8220;]<\/p>\n<p style=\"text-align: center;\">Hier geht es zu <a href=\"https:\/\/www.placeit.de\" target=\"_blank\" rel=\"noopener noreferrer\"><b>place<\/b>it<\/a><\/p>\n<p>[\/et_pb_text][\/et_pb_column][\/et_pb_row][\/et_pb_section][et_pb_section fb_built=&#8220;1&#8243; _builder_version=&#8220;4.16&#8243; custom_margin=&#8220;0px||||false|false&#8220; custom_padding=&#8220;0px||||false|false&#8220; global_colors_info=&#8220;{}&#8220;][et_pb_row column_structure=&#8220;1_3,1_3,1_3&#8243; _builder_version=&#8220;4.16&#8243; custom_margin=&#8220;0px||||false|false&#8220; global_colors_info=&#8220;{}&#8220;][et_pb_column type=&#8220;1_3&#8243; _builder_version=&#8220;4.16&#8243; background_color=&#8220;rgba(0,0,0,0)&#8220; global_colors_info=&#8220;{}&#8220;][et_pb_image src=&#8220;https:\/\/www.kippdata.de\/wp-content\/uploads\/2020\/04\/dienstleistungen.png&#8220; url=&#8220;index.php\/apache&#8220; align=&#8220;center&#8220; admin_label=&#8220;Apache Image&#8220; _builder_version=&#8220;4.16&#8243; custom_margin=&#8220;||0px||false|false&#8220; custom_padding=&#8220;||0px||false|false&#8220; global_colors_info=&#8220;{}&#8220;][\/et_pb_image][et_pb_cta title=&#8220;Apache&#8220; button_url=&#8220;\/index.php\/apache&#8220; button_text=&#8220;Mehr erfahren&#8220; button_text_last_edited=&#8220;off|desktop&#8220; admin_label=&#8220;Apache Call to Action&#8220; _builder_version=&#8220;4.16&#8243; header_level=&#8220;h3&#8243; header_text_color=&#8220;#000000&#8243; use_background_color=&#8220;off&#8220; custom_button=&#8220;on&#8220; button_text_color=&#8220;#ffffff&#8220; button_bg_color=&#8220;#77b9f2&#8243; button_border_color=&#8220;#77b9f2&#8243; background_layout=&#8220;light&#8220; custom_margin=&#8220;2em||||false|false&#8220; global_colors_info=&#8220;{}&#8220;]<\/p>\n<p>Der popul\u00e4rste und robusteste Webbrowser im Zusammenspiel mit <strong>dem<\/strong> Webcontainer. Damit beide ihre St\u00e4rken voll ausspielen k\u00f6nnen, braucht es Erfahrung.<\/p>\n<p>[\/et_pb_cta][\/et_pb_column][et_pb_column type=&#8220;1_3&#8243; _builder_version=&#8220;4.16&#8243; global_colors_info=&#8220;{}&#8220;][et_pb_image src=&#8220;https:\/\/www.kippdata.de\/wp-content\/uploads\/2020\/04\/lo\u0308sungen.png&#8220; url=&#8220;index.php\/webentwicklung&#8220; align=&#8220;center&#8220; admin_label=&#8220;Webentwicklung Image&#8220; _builder_version=&#8220;4.16&#8243; custom_margin=&#8220;||0px||false|false&#8220; custom_padding=&#8220;||0px||false|false&#8220; global_colors_info=&#8220;{}&#8220;][\/et_pb_image][et_pb_cta title=&#8220;Webentwicklung&#8220; button_url=&#8220;\/index.php\/webentwicklung&#8220; button_text=&#8220;Mehr erfahren&#8220; admin_label=&#8220;Webentwicklung Call to Action&#8220; _builder_version=&#8220;4.16&#8243; header_level=&#8220;h3&#8243; header_text_color=&#8220;#000000&#8243; use_background_color=&#8220;off&#8220; custom_button=&#8220;on&#8220; button_text_color=&#8220;#ffffff&#8220; button_bg_color=&#8220;#77b9f2&#8243; button_border_color=&#8220;#77b9f2&#8243; background_layout=&#8220;light&#8220; custom_margin=&#8220;2em||||false|false&#8220; global_colors_info=&#8220;{}&#8220;]<\/p>\n<p>Webentwicklung bei kippdata ist mehr als HTML\u00a0 und CSS. Wir liefern professionelle Software seit mehr als 20 Jahren \u2013 auf dem Server, auf dem Desktop und im Browser &#8230;<\/p>\n<p>[\/et_pb_cta][\/et_pb_column][et_pb_column type=&#8220;1_3&#8243; _builder_version=&#8220;4.16&#8243; global_colors_info=&#8220;{}&#8220;][et_pb_image src=&#8220;https:\/\/www.kippdata.de\/wp-content\/uploads\/2020\/04\/produkte.png&#8220; url=&#8220;index.php\/solr&#8220; align=&#8220;center&#8220; admin_label=&#8220;Suchen Image&#8220; _builder_version=&#8220;4.16&#8243; custom_margin=&#8220;||0px||false|false&#8220; custom_padding=&#8220;||0px||false|false&#8220; global_colors_info=&#8220;{}&#8220;][\/et_pb_image][et_pb_cta title=&#8220;Suchen mit Solr&#8220; button_url=&#8220;\/index.php\/solr&#8220; button_text=&#8220;Mehr erfahren&#8220; admin_label=&#8220;Suchen Call to Action&#8220; _builder_version=&#8220;4.16&#8243; header_level=&#8220;h3&#8243; header_text_color=&#8220;#000000&#8243; use_background_color=&#8220;off&#8220; custom_button=&#8220;on&#8220; button_text_color=&#8220;#ffffff&#8220; button_bg_color=&#8220;#77b9f2&#8243; button_border_color=&#8220;#77b9f2&#8243; background_layout=&#8220;light&#8220; custom_margin=&#8220;2em||||false|false&#8220; global_colors_info=&#8220;{}&#8220;]<\/p>\n<p>Softwareentwicklung trifft auf Business und Design. Spezialsuche ist ein spannendes Feld, hier z\u00e4hlen Erfahrung, Flexibilit\u00e4t und Kommunikationsst\u00e4rke.<\/p>\n<p>[\/et_pb_cta][\/et_pb_column][\/et_pb_row][\/et_pb_section]<\/p>\n","protected":false},"excerpt":{"rendered":"<p>Dinge gut machen. Gute Dinge machen. Das ist unsere Passion seit 1998. In einem erfahrenen Team von Menschen, die ihr Wissen gerne mit einander teilen. Zum Wohle unserer Kunden. Wir entwickeln anspruchsvolle Software-L\u00f6sungen, sorgen f\u00fcr reibungslosen Betrieb von Webanwendungen im Hochlast-Bereich und integrieren moderne Suchstrategien f\u00fcr Ihre Informationen. Unsere Kunden kommen aus dem \u00f6ffentlichen Bereich [&hellip;]<\/p>\n","protected":false},"author":1,"featured_media":0,"parent":0,"menu_order":0,"comment_status":"closed","ping_status":"open","template":"","meta":{"_et_pb_use_builder":"on","_et_pb_old_content":"<!-- wp:paragraph -->\r\n<p>Dies ist eine Beispiel-Seite. Sie unterscheidet sich von Beitr\u00e4gen, da sie stets an derselben Stelle bleibt und (bei den meisten Themes) in der Website-Navigation angezeigt wird. Die meisten starten mit einem Impressum, der Datenschutzerkl\u00e4rung oder einer \u201e\u00dcber\u00a0uns\u201c-Seite, um sich potenziellen Besuchern der Website vorzustellen. Dort k\u00f6nnte zum Beispiel stehen:<\/p>\r\n<!-- \/wp:paragraph -->\r\n\r\n<!-- wp:quote -->\r\n<blockquote class=\"wp-block-quote\"><p>Hallo! Tags\u00fcber arbeite ich als Fahrradkurier, nachts bin ich ein aufstrebender Schauspieler und dies hier ist meine Website. Ich lebe in Berlin, habe einen gro\u00dfen Hund namens Jack, mag Pi\u00f1a Coladas, jedoch weniger (ohne Schirm) im Regen stehen gelassen zu werden.<\/p><\/blockquote>\r\n<!-- \/wp:quote -->\r\n\r\n<!-- wp:paragraph -->\r\n<p>...oder so etwas wie das hier:<\/p>\r\n<!-- \/wp:paragraph -->\r\n\r\n<!-- wp:quote -->\r\n<blockquote class=\"wp-block-quote\"><p>Das Unternehmen XYZ wurde 1971 gegr\u00fcndet und versorgt die \u00d6ffentlichkeit seither mit qualitativ hochwertigen Produkten. An seinem Standort in einer kleinen Gro\u00dfstadt besch\u00e4ftigt der Betrieb \u00fcber 2.000 Menschen und unterst\u00fctzt die Stadtbewohner in vielfacher Hinsicht.<\/p><\/blockquote>\r\n<!-- \/wp:quote -->\r\n\r\n<!-- wp:paragraph -->\r\n<p>Als neuer WordPress-Benutzer sollten Sie <a href=\"https:\/\/www.kippdata.de\/wp-admin\/\">Ihr Dashboard<\/a> aufrufen, um diese Seite zu l\u00f6schen und neue Seiten und Beitr\u00e4ge f\u00fcr Ihre Website erstellen. Viel Spa\u00df!<\/p>\r\n<!-- \/wp:paragraph -->","_et_gb_content_width":"","footnotes":""},"class_list":["post-2","page","type-page","status-publish","hentry"],"_links":{"self":[{"href":"https:\/\/www.kippdata.de\/index.php\/wp-json\/wp\/v2\/pages\/2","targetHints":{"allow":["GET"]}}],"collection":[{"href":"https:\/\/www.kippdata.de\/index.php\/wp-json\/wp\/v2\/pages"}],"about":[{"href":"https:\/\/www.kippdata.de\/index.php\/wp-json\/wp\/v2\/types\/page"}],"author":[{"embeddable":true,"href":"https:\/\/www.kippdata.de\/index.php\/wp-json\/wp\/v2\/users\/1"}],"replies":[{"embeddable":true,"href":"https:\/\/www.kippdata.de\/index.php\/wp-json\/wp\/v2\/comments?post=2"}],"version-history":[{"count":104,"href":"https:\/\/www.kippdata.de\/index.php\/wp-json\/wp\/v2\/pages\/2\/revisions"}],"predecessor-version":[{"id":468,"href":"https:\/\/www.kippdata.de\/index.php\/wp-json\/wp\/v2\/pages\/2\/revisions\/468"}],"wp:attachment":[{"href":"https:\/\/www.kippdata.de\/index.php\/wp-json\/wp\/v2\/media?parent=2"}],"curies":[{"name":"wp","href":"https:\/\/api.w.org\/{rel}","templated":true}]}}